641. What is the remainder when k is divided by 20?
17
Suppose -80*s + 9571 = -32902 - 37287. What is the remainder when s is divided by 112?
101
Let h = 0 - -140. Let r = -17736 - -17760. What is the remainder when h is divided by r?
20
Calculate the remainder when (1/(-6 - -3))/((-2)/11322) is divided by 18.
15
What is the remainder when (16 + 2348/20)*5 is divided by 213?
28
Let m(q) = q**3 + 7*q**2 + 9*q - 2. Let g be m(-4). Suppose 4*l - g = 14. Calculate the remainder when 5/(10/(-6)) - -26 is divided by l.
5
Let r be -1 + 5 - (4 + -2). Suppose 4*h - 3 + 119 = 2*q, r*h = -q + 78. What is the remainder when q is divided by 35?
33
Suppose 28*k - 125 = -69. Suppose 0 = 4*l - 20, -53 = 3*m - k*l - 157. What is the remainder when 80 is divided by m?
4
Suppose -4*r - 14*r - 20*r = -12692. What is the remainder when 338 is divided by r?
4
Let h(m) = 12*m + 3. Let y be h(-4). Let o(n) = -n**2 + n + 235. Let l be o(-11). Let z = y + l. What is the remainder when 228 is divided by z?
54
Let y(m) = m**3 + 20*m**2 + m + 29. Let i be 60/(-8)*20/(-6). Suppose -96 = 5*o - 2*k - 2*k, i = -o - 5*k. What is the remainder when 24 is divided by y(o)?
6
Suppose -9806*d - 4*z - 75 = -9809*d, -d = 2*z - 25. Let n = 1205 - 606. What is the remainder when n is divided by d?
24
Let k(t) = t**2 - 47*t + 982. What is the remainder when k(26) is divided by 120?
76
Let n(j) = -1526*j + 576. Calculate the remainder when n(-7) is divided by 139.
138
Suppose 6*p + 801 = -1095. Let d = p + 470. Calculate the remainder when d is divided by 31.
30
Suppose 0*b - 230 = -5*b. Let w(r) = 33*r**2 - 1173*r - 267. Calculate the remainder when w(36) is divided by b.
43
Suppose 40*o = 6*o - 13*o + 611. Calculate the remainder when 231 is divided by o.
10
What is the remainder when 156 + 32/56*21 is divided by 163?
5
Let u(p) = 239*p - 3547. Calculate the remainder when 115 is divided by u(15).
1
Let y(o) = -3*o**2 + 106*o - 89. What is the remainder when y(11) is divided by 20?
14
Suppose 4*j = 2*o - 396, 204 = -0*o + o + 4*j. Let l = o + -159. Let w = -3 + 14. Calculate the remainder when l is divided by w.
8
Let a = -553 - -361. Let w = -132 - a. Calculate the remainder when w is divided by 11.
5
Let t(d) = -d**2 + 26*d + 24. Let s = 48 - 111. Let k = -39 - s. What is the remainder when t(k) is divided by 25?
22
Suppose 0 = -5*z + 9 + 1. Suppose 3*q - z = 4. What is the remainder when (q/4*-2 + 14)*1 is divided by 3?
1
Let l = 92 + -172. Calculate the remainder when 42/(-5)*50/l*4 is divided by 8.
5
Suppose -26 = 5*t - 36. What is the remainder when (-50)/(-8) + (-2)/8 is divided by (9/(-2))/(-3)*4/t?
0
Let a(s) = -14*s**2 - 326*s - 25. What is the remainder when 352 is divided by a(-23)?
17
Suppose -2*r = -108 - 96. Suppose 77 = 4*x - 3*f, 0 = 4*x - 3*f + 5*f - r. What is the remainder when 55 is divided by x?
9
Suppose y + x - 2*x - 27 = 0, -x + 45 = 2*y. Let l(u) = -u**2 - 30*u - 56. Let r = 34 + -59. What is the remainder when l(r) is divided by y?
21
What is the remainder when 96 is divided by ((-740)/(-50))/(((-13)/195)/((-2)/12))?
22
Suppose -1032 = 9*s - 852. What is the remainder when 38 is divided by 32/s*(-45)/18?
2
Let j(w) = 4*w**3 - 28*w**2 + 21*w - 27. What is the remainder when j(8) is divided by 212?
185
Let u(m) = 2*m**2 - 6*m - 4. What is the remainder when u(-6) is divided by ((-3)/2*3 - -5)*(15 + 1)?
0
Let k(y) = -45*y - 195. Let i be k(-5). Let r(x) = -x**2 + 37*x - 9. Calculate the remainder when r(i) is divided by 34.
31
Suppose -5*h = -2*j + 409, 2*j - 5*h + h = 410. Calculate the remainder when j is divided by ((-2)/(16/(-42)))/(27/72).
11
Let b(z) = -10*z**2 + 51*z - 4. Let h(l) = -21*l**2 + 105*l - 9. Let q(j) = 13*b(j) - 6*h(j). What is the remainder when 38 is divided by q(8)?
8
Suppose -7*b = 10*b + 1530. Let u(t) = -t**3 - 3*t**2 + 8*t + 8. Calculate the remainder when u(-6) is divided by (1/(-3))/(3/b).
8
Let h = -15 + 20. Suppose -16 = h*w - 2*g, 5*w - 6*g + 22 = -2*g. What is the remainder when (w/3)/(4 + 7400/(-1848)) is divided by 31?
30
Let u(r) = -2*r**3 - 82*r**2 - 158*r + 202. Calculate the remainder when u(-39) is divided by 151.
129
Suppose 598 = 11*s - 6849. Calculate the remainder when s is divided by 53.
41
Let g = 14 + -1. Let q(f) = -17*f + 655. What is the remainder when q(28) is divided by g?
10
Suppose -6*i = -3*f - 4*i + 9, 5*i = 0. Suppose 132 = 4*d - 4*v, -v = f*d + 2 - 101. Calculate the remainder when 392 is divided by d.
29
Let x(n) = 7*n - 81. Let v be x(12). Calculate the remainder when (-3468)/(-36) + (0 - v)/9 is divided by 33.
30
Let o(n) = -23*n - 7*n + 14*n + n**3 - 5 - 19*n**2 + 9. Let q = -3 - -20. What is the remainder when o(20) is divided by q?
16
What is the remainder when ((-8020)/12)/((-7)/21) is divided by 397?
20
Suppose -98*d = 178*d - 217386 - 244362. What is the remainder when d is divided by 121?
100
Suppose -341 = -12*u + 30*u - 3977. What is the remainder when 268 is divided by u?
66
Let c = 12159 - 11671. What is the remainder when c is divided by 170?
148
Let s = 6561 + -6480. What is the remainder when 393 is divided by s?
69
Let z = 562 - 525. What is the remainder when z is divided by 7/(98/116) - (-8)/(-28)?
5
Let h = 43 + -17. Suppose -13*p + 16*p - 4*r = 373, 5*r = -3*p + 391. Let l = 201 - p. What is the remainder when l is divided by h?
22
Let r(f) = -f**2 + 316 + f + f - 16*f. What is the remainder when 65 is divided by r(12)?
1
Suppose -146 - 86 = -116*r. Let q be 3/(-2)*(0 - 66). Suppose 2*x + 3*c = -r*x + 64, 0 = 5*x - c - q. Calculate the remainder when x is divided by 10.
9
Suppose 2*l = -15*l + 34. Suppose -l*b - 947 = -2*z + b, 4*b = -3*z + 1446. Calculate the remainder when z is divided by 30.
28
Suppose 4*x = -2*x - 108. Let r(h) = -2*h - 26. What is the remainder when 14 is divided by r(x)?
4
Suppose 14 = -9*y + 59. Suppose 2*m = c + 6, 5*m - m - y*c = 0. Suppose 0 = 2*p - l - 30, m*p + l - 32 = 57. Calculate the remainder when 48 is divided by p.
14
Let u = -157 - -325. Suppose 2*o + 4*t + 89 = -o, 2*o - 3*t + 82 = 0. Let g = 69 + o. Calculate the remainder when u is divided by g.
32
Suppose 5*w = 25, -4*x + 4*w = -33 - 203. Let p = -56 + 52. What is the remainder when x is divided by ((-8)/(-40))/((4/(-115))/p)?
18
Let o(i) = -998*i + 2208. Calculate the remainder when o(2) is divided by 183.
29
Calculate the remainder when 2922 is divided by (-72)/(-7)*((-201)/(-2) + (41 - 47)).
6
Suppose 0 = -2*s - 9*s + 14*s. Suppose 45 = p - 4*o, s*p + 5*o = -3*p + 186. Calculate the remainder when 110 is divided by p.
53
Let h(x) = -x**3 - x**2 - 3*x + 28. Let g(i) = i**3 - 3*i**2 - 4*i + 6. What is the remainder when h(0) is divided by g(4)?
4
Let q(z) = 2*z**2 + 50*z + 50. Let u be q(-20). What is the remainder when (2 - u/18)*21 is divided by 109?
108
Let p(n) = -n**3 + 8*n**2 + 11*n - 31. Let l = -18 + -2. Let d = l - -35. Calculate the remainder when p(8) is divided by d.
12
Suppose -70 = -4*l + 14. Let h be 3 - (-3 - -3*2). Suppose 0 = 4*a - 5*n - 80 - 211, -4*a - 2*n + 326 = h. Calculate the remainder when a is divided by l.
16
Suppose 0 = 5*m - 98 - 7. Suppose -22*v + 46 = -m*v. What is the remainder when 135 is divided by v?
43
Calculate the remainder when 578 + -15 + 261/9 is divided by 196.
4
Suppose 0 = -c + 6, 133*a = 137*a - 2*c - 1220. What is the remainder when a is divided by 158?
150
Let j(k) = k**3 - 13*k**2 + 46*k - 14. Calculate the remainder when 323 is divided by j(6).
3
Let s(f) = -f**3 - 17*f**2 + 2*f - 23. Let p(q) = -q**3 - 18*q**2 - q - 23. Let r(m) = 7*p(m) - 6*s(m). What is the remainder when r(-25) is divided by 36?
33
Let t = 3725 + -2657. What is the remainder when t is divided by 54?
42
Let x(v) = 42*v - 3. Suppose -10*c = -31*c + 22218. Let m = -1026 + c. Calculate the remainder when x(3) is divided by m.
27
Suppose -8*f + 2*f + 552 = 0. Let j = f - 89. Suppose 4*o - 2*q - 102 = 0, -o + 6*o = -j*q + 100. Calculate the remainder when 112 is divided by o.
20
Suppose 7*z = 559 - 34. Calculate the remainder when 13499 is divided by z.
74
Let m(g) = -3*g**3 - 28*g**2 - g + 87. What is the remainder when 62 is divided by m(-9)?
2
Suppose -851 = -7*r + 220. Suppose -5*a + 317 = -r. Let c = 160 - a. What is the remainder when c is divided by 18?
12
Let q be (